 1. Let m be f(1). Let c be ((-18)/m)/((-2)/(-15)). Let g be 6/c*33/2. What is the greatest common divisor of g and 55?
11
Suppose z + h - 141 + 52 = 0, 4*z - 316 = 4*h. What is the greatest common factor of z and 14?
14
Let t be (-7035)/(-49) - 6/(-14). What is the greatest common factor of t and 16?
16
Let f(c) = -c**2 + 8*c - 12. Let d be f(4). Calculate the greatest common divisor of 4 and d.
4
Suppose 3*l - 24 = 51. What is the greatest common factor of 175 and l?
25
Suppose 0 = -t - 4*g + 39, 0 = t + g - 30 - 0. Calculate the highest common divisor of 18 and t.
9
Suppose -267 + 27 = -2*v. What is the greatest common factor of 15 and v?
15
Suppose -5*s = -4*p - 280, -2*s = -s - 2*p - 56. Calculate the highest common factor of 224 and s.
56
Suppose 0 = -3*j + 6*j + w - 26, 5*j - 2*w = 36. Suppose -a + 15 = 7. Calculate the greatest common factor of a and j.
8
Let m be ((-273)/(-6) - 2)*6. What is the greatest common factor of m and 29?
29
Let i(f) be the second derivative of -f**5/10 + 2*f**3/3 + 3*f**2/2 - 3*f. Let b be i(-2). What is the highest common divisor of b and 22?
11
Let f be 2/5 + (-288)/45. Let c(m) = -m**2 - 9*m - 5. Let g be c(f). Calculate the greatest common divisor of 39 and g.
13
Let j be (0 + 1)/((-3)/(-621)). Calculate the greatest common divisor of 23 and j.
23
Let l be 3/(-15) + (-111)/(-5). Let k be l/(-4)*(-2)/1. What is the greatest common divisor of k and 33?
11
Let b(u) = 2*u + 12. Let z be b(8). What is the greatest common divisor of 140 and z?
28
Suppose -10 = 4*h - 30. What is the highest common divisor of h and 45?
5
Let l(y) = -y**3 + 25*y**2 - 24*y + 6. Let v be l(24). Calculate the highest common divisor of 60 and v.
6
Let t(f) = f - 5. Let h(k) = k**2 + 13. Let m be h(0). Let i be t(m). What is the greatest common divisor of i and 8?
8
Suppose 0 = -2*t + 2*x + 52, t + x + 2*x - 42 = 0. What is the highest common divisor of t and 15?
15
Suppose 1358 = 3*u - 5*t, 2 = -t + 2*t. Calculate the highest common divisor of 57 and u.
57
Let j be (-159)/(-4) - 1/(-4). Suppose -5*l + 3*l = -64. Let q = l - 16. What is the highest common factor of q and j?
8
Suppose 4*a - 6 - 6 = 0. Suppose -5*p + 690 = -3*p. Suppose 4*x + 5*o = p, -2*x + 0*o + 145 = -a*o. What is the highest common divisor of 16 and x?
16
Suppose -4*z + 20 = 4. Suppose z*f - 200 = -2*y, 5*f = -5*y + 228 + 22. Calculate the greatest common factor of 10 and f.
10
Let z be (6/(-5))/(4/(-10)). Suppose -5*b - 5 = -0. Let t be (30/9 - b)*z. Calculate the highest common divisor of t and 13.
13
Let c(y) = -y + 9. Let n be c(0). Let b(i) = 2*i**2 - 7*i + 9. Let w be b(n). What is the highest common factor of 12 and w?
12
Suppose -4*v + 385 - 97 = 0. Calculate the greatest common factor of 8 and v.
8
Suppose 23*m - 10 = 22*m. Let n be (-1 - -11)*-3*-1. What is the highest common factor of m and n?
10
Let o be ((-75)/5)/(6/(-4)). Suppose i + 3*u - 128 = -0*u, u = 4*i - 564. Let k = i + -60. Calculate the highest common factor of k and o.
10
Suppose -j = c + 20 - 9, 3*c + j + 37 = 0. Suppose -6*z + 2*z - 20 = 0. Let w = z - c. What is the greatest common divisor of w and 2?
2
Let t be 12/(-4) - (-1 - 1). Let j be t/(-7) + 1529/77. Calculate the greatest common factor of j and 5.
5
Suppose -2*p + 4 = -4*m, -2*p = -3*m - 4 - 0. Suppose 0 = -c - u + 1, -c + 2*u - 3 + 13 = m. Calculate the greatest common divisor of c and 2.
2
Let h(d) = d + 3. Let y be h(3). Let j(w) = -w**3 + 6*w**2 + 3*w - 12. Let z be j(6). What is the greatest common factor of y and z?
6
Let f(d) = -165*d - 1. Let g be f(2). Let y = g - -463. Let v = -29 + 41. What is the highest common divisor of v and y?
12
Let i = 16 + 2. Let j be 201/i + 1/(-6). Let d = 22 - j. What is the greatest common factor of d and 55?
11
Suppose x = 3*g - 0*x - 89, 124 = 4*g + 4*x. What is the highest common factor of g and 20?
10
Let o = 267 + -137. Calculate the highest common divisor of 20 and o.
10
Suppose 3*j + 11 = -7. Let z(g) = -g**3 - 7*g**2 - 8*g + 1. Let l be z(-6). Let u = j + l. Calculate the greatest common factor of 49 and u.
7
Let j be (-22)/4*-4*1. What is the highest common factor of 11 and j?
11
Let g be 145/45 - 4/18. Suppose 18 = 2*z + g*b - 0*b, 0 = -5*z - 3*b + 54. Calculate the greatest common divisor of 36 and z.
12
Let b be (0 - -12) + (-21)/(-7). Suppose 36 = k + 2*k. Let r = k + 3. Calculate the greatest common factor of b and r.
15
Suppose -3*b - 3 = 0, 5*q + 4*b = 2*q - 4. Let l = q + 5. Calculate the greatest common factor of 35 and l.
5
Suppose 5*s - 10 = 0, s = -d - 2*s + 116. What is the highest common divisor of d and 10?
10
Let h(o) = -o**3 - 6*o**2 - o + 3. Let q be h(-6). Let n(i) = 34*i + 4. Let c be n(2). What is the greatest common factor of q and c?
9
Let k(d) = -d - 2. Let y be k(-2). Suppose 3*x - 5*x = y. Let u = 6 - x. Calculate the greatest common divisor of 6 and u.
6
Suppose m - 56 = 5*q, -5*q + 1 = 6. Suppose 0 = -3*o - 4*w + 90, -3*o + 2*w + 176 = 2*o. What is the highest common factor of m and o?
17
Let i be -5*(0 + 12/10). Let o be (i/(-15))/((-2)/70). Let s be (o/(-6))/((-1)/(-30)). Calculate the greatest common divisor of s and 10.
10
Suppose -250 = 2*j - 0*j. Let z = j - -185. Suppose -153 = -4*w + 7. Calculate the greatest common factor of z and w.
20
Let x be -6*((-6)/(-9) + -1). Suppose 4*u - x*u = 66. Suppose 4*z - 47 = u. Calculate the greatest common divisor of z and 4.
4
Let p = -110 + 120. Calculate the greatest common factor of 20 and p.
10
Suppose -f - f = -12. Suppose -2*p - 12 = -f*p. What is the highest common divisor of p and 9?
3
Let p = -92 - -119. Calculate the greatest common divisor of p and 54.
27
Let a be 3*-4*(-3)/9. Suppose -a*o - 227 = -3*o. Let r = -117 - o. Calculate the greatest common factor of r and 10.
10
Let i(m) = 2*m - 2. Let b be i(2). Suppose 4*a + 9 = -3*k + 43, b*k = -4*a + 16. What is the greatest common factor of k and 126?
18
Let y = -9 + 15. Let g be (-1 - (-3)/y)*0. Suppose g*d = 2*d - 96. Calculate the greatest common factor of d and 6.
6
Suppose -3*c + 0 + 18 = -3*k, -2*k = -6. Calculate the highest common factor of c and 117.
9
Let x(f) = -f**3 - f. Let p(t) = -7*t**3 - 4*t**2 - 7*t + 1. Let u(r) = p(r) - 6*x(r). Let l be u(-4). What is the greatest common factor of l and 5?
5
Let f(x) = 21*x**3 - x**2. Let j be f(1). Calculate the greatest common factor of j and 8.
4
Suppose o = -1 + 6. Suppose 2 = o*s - 8. What is the greatest common divisor of s and 8?
2
Let o(x) = -2*x**3 - x**2 + 5*x + 2. Let r be o(-2). Suppose -4*k + k - 3 = 0, -5*c - 15 = 5*k. Let v = r + c. What is the greatest common factor of v and 2?
2
Suppose -4*x - 64 = 4*g - 7*g, 0 = 5*g + 3*x - 68. Let i be 1006/7 - (-4)/14. Calculate the greatest common divisor of i and g.
16
Suppose -7*d + 2*d + 960 = 0. Calculate the highest common divisor of d and 24.
24
Suppose 2*u = 2*h - 34, -54 = -0*h - 3*h + 4*u. Let f(i) = 69*i**3 + 1. Let r be f(1). Calculate the highest common factor of r and h.
14
Suppose 5*h + 79 = -3*b, -2*b = 4*h - 7*b + 41. Let d = h + 4. Let s be ((-9)/15 + 0)*d. What is the highest common divisor of 24 and s?
6
Suppose 5*l + 5*b = -25, 0*l - b + 1 = -5*l. Let i be 82 + -4 + 3 + l. Suppose -i = -7*n + 2*n. Calculate the highest common divisor of n and 16.
16
Suppose 4*r - 4*x = 80, 5*x = 4*r - 5*r + 20. Calculate the greatest common factor of 20 and r.
20
Suppose 4*j = j - 42. Suppose 0 = -2*n - 74 + 22. Let r = j - n. What is the greatest common factor of 132 and r?
12
Let l(v) = -12*v - 7. Let p be l(-7). Calculate the highest common factor of 7 and p.
7
Let k be ((-6)/5)/(2*1/(-35)). What is the highest common divisor of k and 14?
7
Suppose 3*c + 4*m - 3 - 121 = 0, -m = -2*c + 68. Calculate the highest common divisor of 180 and c.
36
Suppose -3*i + 9 = -0*i. Suppose -b = i*b + 12. Let u be 1/b - 596/(-6). What is the highest common divisor of u and 11?
11
Let m(y) = y**3 + y**2 - 3*y + 3. Let j be m(2). Let c = -58 + 94. Calculate the highest common divisor of j and c.
9
Let i(d) = -6*d**2 - 2 - 4*d + 3*d**3 + 4 + 1 - 2*d**3. Let u be i(7). Calculate the greatest common divisor of 6 and u.
6
Let l(j) = -2 + 4*j + 12*j + 0. Let p be l(5). Let w = p + -30. Calculate the greatest common factor of 16 and w.
16
Let y(i) = -16*i - 